3?
False
Does 22 divide 371?
False
Is 6 a factor of 2161?
False
Does 22 divide 73964?
True
Is 20 a factor of 2175?
False
Is 124064 a multiple of 32?
True
Is 15 a factor of 1725?
True
Is 114 a factor of 18304?
False
Does 10 divide 3490?
True
Does 175 divide 24257?
False
Is 23 a factor of 138?
True
Does 41 divide 530?
False
Is 40128 a multiple of 57?
True
Does 69 divide 37198?
False
Is 37 a factor of 903?
False
Is 75286 a multiple of 277?
False
Does 4 divide 597?
False
Does 7 divide 4202?
False
Is 846 a multiple of 72?
False
Is 8 a factor of 304?
True
Is 2262 a multiple of 58?
True
Is 7335 a multiple of 7?
False
Is 25 a factor of 18125?
True
Does 48 divide 2216?
False
Is 6 a factor of 1020?
True
Does 8 divide 682?
False
Is 340 a multiple of 14?
False
Does 43 divide 2417?
False
Is 10 a factor of 2903?
False
Is 247 a factor of 6422?
True
Is 8726 a multiple of 21?
False
Does 46 divide 2024?
True
Is 1350 a multiple of 62?
False
Does 192 divide 8393?
False
Does 15 divide 483?
False
Is 12139 a multiple of 2?
False
Does 24 divide 1896?
True
Does 6 divide 378?
True
Is 45117 a multiple of 9?
True
Does 69 divide 3609?
False
Does 23 divide 874?
True
Is 15 a factor of 90?
True
Is 31 a factor of 7746?
False
Does 27 divide 4666?
False
Does 4 divide 300?
True
Is 60543 a multiple of 31?
True
Is 9 a factor of 27?
True
Does 19 divide 741?
True
Is 67 a factor of 1962?
False
Does 5 divide 353?
False
Is 4704 a multiple of 98?
True
Is 19 a factor of 3089?
False
Is 18 a factor of 7776?
True
Is 385 a multiple of 91?
False
Is 32915 a multiple of 145?
True
Is 7 a factor of 239?
False
Is 65 a factor of 5850?
True
Is 25135 a multiple of 84?
False
Does 41 divide 1065?
False
Is 15 a factor of 3795?
True
Is 11 a factor of 2661?
False
Does 12 divide 606?
False
Is 82 a multiple of 46?
False
Is 6 a factor of 1362?
True
Is 1170 a multiple of 331?
False
Does 119 divide 11087?
False
Is 1319 a multiple of 13?
False
Is 56 a factor of 7023?
False
Is 67 a factor of 2061?
False
Is 9 a factor of 819?
True
Does 22 divide 16214?
True
Is 431 a multiple of 18?
False
Is 573 a multiple of 16?
False
Does 37 divide 11840?
True
Is 11 a factor of 539?
True
Is 2072 a multiple of 28?
True
Is 12 a factor of 30636?
True
Is 22068 a multiple of 12?
True
Is 9 a factor of 228?
False
Is 9 a factor of 639?
True
Does 13 divide 2093?
True
Is 8 a factor of 1207?
False
Is 7 a factor of 83?
False
Is 8 a factor of 20608?
True
Is 44 a factor of 15155?
False
Is 56 a multiple of 6?
False
Is 5183 a multiple of 73?
True
Does 44 divide 4708?
True
Is 35 a factor of 36260?
True
Does 15 divide 227?
False
Is 7 a factor of 766?
False
Does 9 divide 11060?
False
Is 1222 a multiple of 26?
True
Is 11 a factor of 2783?
True
Does 2 divide 199?
False
Is 68 a factor of 1768?
True
Does 41 divide 8774?
True
Does 20 divide 1172?
False
Is 88 a factor of 9328?
True
Is 14 a factor of 938?
True
Does 71 divide 2312?
False
Is 54 a factor of 432?
True
Is 37 a factor of 4403?
True
Is 366 a factor of 57096?
True
Does 6 divide 356?
False
Is 25966 a multiple of 223?
False
Is 13 a factor of 147?
False
Is 3854 a multiple of 2?
True
Is 15 a factor of 6750?
True
Is 16 a factor of 243?
False
Is 2618 a multiple of 154?
True
Does 46 divide 414?
True
Is 92 a factor of 4034?
False
Is 2896 a multiple of 16?
True
Does 42 divide 82?
False
Is 3 a factor of 373?
False
Is 141 a factor of 2213?
False
Is 104 a factor of 21089?
False
Does 9 divide 2520?
True
Is 30 a factor of 300?
True
Is 348 a multiple of 3?
True
Is 120 a multiple of 60?
True
Is 6 a factor of 66?
True
Is 1023 a multiple of 33?
True
Is 2726 a multiple of 7?
False
Is 21594 a multiple of 6?
True
Is 31878 a multiple of 154?
True
Does 28 divide 29011?
False
Is 2693 a multiple of 15?
False
Does 55 divide 16115?
True
Is 1768 a multiple of 17?
True
Is 55 a factor of 11165?
True
Is 226 a factor of 601?
False
Is 2 a factor of 14?
True
Does 23 divide 541?
False
Does 32 divide 1088?
True
Does 44 divide 748?
True
Is 4038 a multiple of 3?
True
Is 2967 a multiple of 43?
True
Does 6 divide 122?
False
Does 33 divide 27324?
True
Is 19 a factor of 355?
False
Is 324 a multiple of 9?
True
Does 11 divide 4025?
False
Does 9 divide 3312?
True
Does 113 divide 14916?
True
Is 40 a factor of 27520?
True
Is 1424 a multiple of 8?
True
Is 53 a multiple of 53?
True
Does 9 divide 54196?
False
Does 22 divide 27201?
False
Does 7 divide 6496?
True
Is 44 a factor of 6522?
False
Is 18 a factor of 4314?
False
Is 1302 a multiple of 21?
True
Is 33 a factor of 4026?
True
Does 27 divide 3942?
True
Is 86 a factor of 7803?
False
Is 8568 a multiple of 63?
True
Is 50 a factor of 10950?
True
Does 123 divide 1327?
False
Is 27 a factor of 13176?
True
Is 12 a factor of 2388?
True
Is 90 a multiple of 15?
True
Does 24 divide 3578?
False
Does 100 divide 10400?
True
Is 37 a factor of 334?
False
Is 143 a factor of 24453?
True
Does 89 divide 7387?
True
Is 9 a factor of 300?
False
Does 13 divide 59163?
True
Is 27171 a multiple of 160?
False
Does 9 divide 1044?
True
Is 44 a factor of 2097?
False
Does 28 divide 840?
True
Does 41 divide 3116?
True
Does 55 divide 275?
True
Does 20 divide 119008?
False
Does 19 divide 1893?
False
Is 4 a factor of 80?
True
Does 8 divide 4334?
False
Is 27 a factor of 284?
False
Does 5 divide 1122?
False
Does 21 divide 1857?
False
Is 15708 a multiple of 9?
False
Is 97989 a multiple of 89?
True
Is 69424 a multiple of 16?
True
Does 44 divide 748?
True
Does 2 divide 167?
False
Does 56 divide 56?
True
Is 1110 a multiple of 30?
True
Is 116 a multiple of 11?
False
Does 7 divide 77?
True
Is 43 a factor of 1238?
False
Does 32 divide 5248?
True
Is 4809 a multiple of 21?
True
Does 27 divide 189?
True
Is 24 a factor of 2090?
False
Does 12 divide 1563?
False
Is 1386 a multiple of 7?
True
Is 62 a factor of 2232?
True
Is 40 a factor of 9720?
True
Is 29 a factor of 65760?
False
Is 14972 a multiple of 184?
False
Does 8 divide 9480?
True
Is 27 a factor of 2457?
True
Is 23 a factor of 4761?
True
Is 36 a factor of 14472?
True
Is 17470 a multiple of 17?
False
Is 50103 a multiple of 12?
False
Is 2227 a multiple of 86?
False
Does 14 divide 2099?
False
Is 14775 a multiple of 12?
False
Does 12 divide 4343?
False
Is 12276 a multiple of 66?
True
Is 3410 a multiple of 22?
True
Is 12 a factor of 39360?
True
Is 3957 a multiple of 8?
False
Is 2172 a multiple of 46?
False
Is 14 a factor of 1749?
False
Does 3 divide 164?
False
Is 6688 a multiple of 76?
True
Is 6146 a multiple of 14?
True
Is 866 a multiple of 63?
False
Is 19213 a multiple of 50?
False
Does 7 divide 37?
False
Is 275 a multiple of 15?
False
Does 5 divide 370?
True
Is 1355 a multiple of 22?
False
Is 4 a factor of 694?
False
Is 34 a factor of 73734?
False
Does 22 divide 245?
False
Is 26 a factor of 2288?
True
Is 499 a multiple of 23?
False
Does 8 divide 504?
True
Is 51125 a multiple of 77?
False
Is 17968 a multiple of 52?
False
Is 1065 a multiple of 10?
False
Is 48 a factor of 18762?
False
Is 23 a multiple of 15?
False
Is 12 a factor of 24?
True
Is 72780 a multiple of 15?
True
Is 9892 a multiple of 38?
False
Does 26 divide 5694?
True
Is 6 a multiple of 3?
True
Does 7 divide 1201?
False
Is 22 a factor of 2992?
True
Is 95814 a multiple of 26?
False
Does 9 divide 1703?
False
Is 16 a factor of 42958?
False
Is 2843 a multiple of 9?
False
Is 51861 a multiple of 293?
True
Does 6 divide 402?
True
Is 45322 a multiple of 28?
False
Is 2444 a multiple of 94?
True
Does 3 divide 68?
False
Does 49 divide 27048?
True
Is 7 a factor of 89?
False
Does 23 divide 1035?
True
Is 4157 a multiple of 15?
False
Is 81 a factor of 893?
False
Does 15 divide 5304?
False
Does 4 divide 28960?
True
Is 18 a factor of 972?
True
Is 97314 a multiple of 98?
True
Does 76 divide 17644?
False
Does 12 divide 4008?
True
Is 17280 a multiple of 160?
True
Is 81 a multiple of 2?
False
Is 102 a factor of 14666?
False
Is 4 a factor of 778?
False
Does 68 divide 520?
False
Is 116 a factor of 32403?
False
Is 49 a factor of 13200?
False
Is 6915 a multiple of 36?
False
Is 18 a factor of 17378?
False
Is 561 a multiple of 51?
True
Does 3 divide 3637?
False
Is 78 a factor of 4290?
True
Does 11 divide 14405?
False
Is 42 a factor of 25475?
False
Is 44 a factor of 1017?
False
Does 22 divide 809?
False
Is 741 a multiple of 3?
True
Is 9 a factor of 34?
F